{"id":9881,"date":"2024-10-25T12:14:07","date_gmt":"2024-10-25T15:14:07","guid":{"rendered":"https:\/\/www.basquetentrerios.com\/resultados\/?page_id=9881"},"modified":"2025-11-22T17:51:21","modified_gmt":"2025-11-22T20:51:21","slug":"torneo-de-selecciones-u17-masculino-2","status":"publish","type":"page","link":"https:\/\/www.basquetentrerios.com\/resultados\/torneo-de-selecciones-u17-masculino-2\/","title":{"rendered":"TORNEO DE SELECCIONES U17 MASCULINO"},"content":{"rendered":"<p data-block-type=\"core\"><div class=\"sportspress\"><h4 class=\"sp-table-caption\">Partidos Zona 1<\/h4><div class=\"sp-template sp-template-event-blocks\">\n\t<div class=\"sp-table-wrapper\">\n\t\t<table class=\"sp-event-blocks sp-data-table\n\t\t\t\t\t sp-paginated-table\" data-sp-rows=\"100\">\n\t\t\t<thead><tr><th><\/th><\/tr><\/thead> \t\t\t<tbody>\n\t\t\t\t\t\t\t\t\t<tr class=\"sp-row sp-post alternate\" itemscope itemtype=\"http:\/\/schema.org\/SportsEvent\">\n\t\t\t\t\t\t<td>\n\t\t\t\t\t\t\t\t\t\t\t\t\t\t<span class=\"team-logo logo-odd\" title=\"Concordia\"><img loading=\"lazy\" decoding=\"async\" width=\"128\" height=\"128\" src=\"https:\/\/www.basquetentrerios.com\/resultados\/wp-content\/uploads\/2021\/09\/escudo_concordia-128x128.png\" class=\"attachment-sportspress-fit-icon size-sportspress-fit-icon wp-post-image\" alt=\"\" \/><\/span> <span class=\"team-logo logo-even\" title=\"Paran\u00e1 Masc\"><img loading=\"lazy\" decoding=\"async\" width=\"128\" height=\"128\" src=\"https:\/\/www.basquetentrerios.com\/resultados\/wp-content\/uploads\/2021\/09\/escudo_parana-masc-128x128.png\" class=\"attachment-sportspress-fit-icon size-sportspress-fit-icon wp-post-image\" alt=\"\" \/><\/span>\t\t\t\t\t\t\t<time class=\"sp-event-date\" datetime=\"2025-11-22 18:00:57\" itemprop=\"startDate\" content=\"2025-11-22T18:00:57-03:00\">\n\t\t\t\t\t\t\t\t22 noviembre, 2025\t\t\t\t\t\t\t<\/time>\n\t\t\t\t\t\t\t\t\t\t\t\t\t\t<h5 class=\"sp-event-results\">\n\t\t\t\t\t\t\t\t<span class=\"sp-result ok\">71<\/span> - <span class=\"sp-result\">61<\/span>\t\t\t\t\t\t\t<\/h5>\n\t\t\t\t\t\t\t\t\t\t\t\t\t\t\t\t\t\t\t\t\t\t\t\t\t\t\t\t\t\t\t\t\t\t\t\t<div style=\"display:none;\" class=\"sp-event-venue\" itemprop=\"location\" itemscope itemtype=\"http:\/\/schema.org\/Place\"><div itemprop=\"address\" itemscope itemtype=\"http:\/\/schema.org\/PostalAddress\">N\/D<\/div><\/div>\n\t\t\t\t\t\t\t\t\t\t\t\t\t\t<h4 class=\"sp-event-title\" itemprop=\"name\">\n\t\t\t\t\t\t\t\tConcordia vs Paran\u00e1 Masc\t\t\t\t\t\t\t<\/h4>\n\t\t\t\t\t\t\t\n\t\t\t\t\t\t<\/td>\n\t\t\t\t\t<\/tr>\n\t\t\t\t\t\t\t\t\t\t<tr class=\"sp-row sp-post\" itemscope itemtype=\"http:\/\/schema.org\/SportsEvent\">\n\t\t\t\t\t\t<td>\n\t\t\t\t\t\t\t\t\t\t\t\t\t\t<span class=\"team-logo logo-odd\" title=\"Gualeguaych\u00fa\"><img loading=\"lazy\" decoding=\"async\" width=\"128\" height=\"128\" src=\"https:\/\/www.basquetentrerios.com\/resultados\/wp-content\/uploads\/2021\/09\/escudo_gchu-128x128.png\" class=\"attachment-sportspress-fit-icon size-sportspress-fit-icon wp-post-image\" alt=\"\" \/><\/span> <span class=\"team-logo logo-even\" title=\"Uruguay\"><img loading=\"lazy\" decoding=\"async\" width=\"128\" height=\"128\" src=\"https:\/\/www.basquetentrerios.com\/resultados\/wp-content\/uploads\/2021\/09\/escudo-uruguay-nuevo-128x128.png\" class=\"attachment-sportspress-fit-icon size-sportspress-fit-icon wp-post-image\" alt=\"\" \/><\/span>\t\t\t\t\t\t\t<time class=\"sp-event-date\" datetime=\"2025-11-22 18:00:58\" itemprop=\"startDate\" content=\"2025-11-22T18:00:58-03:00\">\n\t\t\t\t\t\t\t\t22 noviembre, 2025\t\t\t\t\t\t\t<\/time>\n\t\t\t\t\t\t\t\t\t\t\t\t\t\t<h5 class=\"sp-event-results\">\n\t\t\t\t\t\t\t\t<span class=\"sp-result ok\">63<\/span> - <span class=\"sp-result\">59<\/span>\t\t\t\t\t\t\t<\/h5>\n\t\t\t\t\t\t\t\t\t\t\t\t\t\t\t\t\t\t\t\t\t\t\t\t\t\t\t\t\t\t\t\t\t\t\t\t<div style=\"display:none;\" class=\"sp-event-venue\" itemprop=\"location\" itemscope itemtype=\"http:\/\/schema.org\/Place\"><div itemprop=\"address\" itemscope itemtype=\"http:\/\/schema.org\/PostalAddress\">N\/D<\/div><\/div>\n\t\t\t\t\t\t\t\t\t\t\t\t\t\t<h4 class=\"sp-event-title\" itemprop=\"name\">\n\t\t\t\t\t\t\t\tGualeguaych\u00fa vs Uruguay\t\t\t\t\t\t\t<\/h4>\n\t\t\t\t\t\t\t\n\t\t\t\t\t\t<\/td>\n\t\t\t\t\t<\/tr>\n\t\t\t\t\t\t\t\t\t\t<tr class=\"sp-row sp-post alternate\" itemscope itemtype=\"http:\/\/schema.org\/SportsEvent\">\n\t\t\t\t\t\t<td>\n\t\t\t\t\t\t\t\t\t\t\t\t\t\t<span class=\"team-logo logo-odd\" title=\"Concordia\"><img loading=\"lazy\" decoding=\"async\" width=\"128\" height=\"128\" src=\"https:\/\/www.basquetentrerios.com\/resultados\/wp-content\/uploads\/2021\/09\/escudo_concordia-128x128.png\" class=\"attachment-sportspress-fit-icon size-sportspress-fit-icon wp-post-image\" alt=\"\" \/><\/span> <span class=\"team-logo logo-even\" title=\"Uruguay\"><img loading=\"lazy\" decoding=\"async\" width=\"128\" height=\"128\" src=\"https:\/\/www.basquetentrerios.com\/resultados\/wp-content\/uploads\/2021\/09\/escudo-uruguay-nuevo-128x128.png\" class=\"attachment-sportspress-fit-icon size-sportspress-fit-icon wp-post-image\" alt=\"\" \/><\/span>\t\t\t\t\t\t\t<time class=\"sp-event-date\" datetime=\"2025-11-23 10:00:00\" itemprop=\"startDate\" content=\"2025-11-23T10:00:00-03:00\">\n\t\t\t\t\t\t\t\t23 noviembre, 2025\t\t\t\t\t\t\t<\/time>\n\t\t\t\t\t\t\t\t\t\t\t\t\t\t<h5 class=\"sp-event-results\">\n\t\t\t\t\t\t\t\t<span class=\"sp-result ok\">61<\/span> - <span class=\"sp-result\">66<\/span>\t\t\t\t\t\t\t<\/h5>\n\t\t\t\t\t\t\t\t\t\t\t\t\t\t\t\t\t\t\t\t\t\t\t\t\t\t\t\t\t\t\t\t\t\t\t\t<div style=\"display:none;\" class=\"sp-event-venue\" itemprop=\"location\" itemscope itemtype=\"http:\/\/schema.org\/Place\"><div itemprop=\"address\" itemscope itemtype=\"http:\/\/schema.org\/PostalAddress\">N\/D<\/div><\/div>\n\t\t\t\t\t\t\t\t\t\t\t\t\t\t<h4 class=\"sp-event-title\" itemprop=\"name\">\n\t\t\t\t\t\t\t\tConcordia vs Uruguay\t\t\t\t\t\t\t<\/h4>\n\t\t\t\t\t\t\t\n\t\t\t\t\t\t<\/td>\n\t\t\t\t\t<\/tr>\n\t\t\t\t\t\t\t\t\t\t<tr class=\"sp-row sp-post\" itemscope itemtype=\"http:\/\/schema.org\/SportsEvent\">\n\t\t\t\t\t\t<td>\n\t\t\t\t\t\t\t\t\t\t\t\t\t\t<span class=\"team-logo logo-odd\" title=\"Gualeguaych\u00fa\"><img loading=\"lazy\" decoding=\"async\" width=\"128\" height=\"128\" src=\"https:\/\/www.basquetentrerios.com\/resultados\/wp-content\/uploads\/2021\/09\/escudo_gchu-128x128.png\" class=\"attachment-sportspress-fit-icon size-sportspress-fit-icon wp-post-image\" alt=\"\" \/><\/span> <span class=\"team-logo logo-even\" title=\"Paran\u00e1 Masc\"><img loading=\"lazy\" decoding=\"async\" width=\"128\" height=\"128\" src=\"https:\/\/www.basquetentrerios.com\/resultados\/wp-content\/uploads\/2021\/09\/escudo_parana-masc-128x128.png\" class=\"attachment-sportspress-fit-icon size-sportspress-fit-icon wp-post-image\" alt=\"\" \/><\/span>\t\t\t\t\t\t\t<time class=\"sp-event-date\" datetime=\"2025-11-23 12:00:01\" itemprop=\"startDate\" content=\"2025-11-23T12:00:01-03:00\">\n\t\t\t\t\t\t\t\t23 noviembre, 2025\t\t\t\t\t\t\t<\/time>\n\t\t\t\t\t\t\t\t\t\t\t\t\t\t<h5 class=\"sp-event-results\">\n\t\t\t\t\t\t\t\t<span class=\"sp-result ok\">78<\/span> - <span class=\"sp-result\">67<\/span>\t\t\t\t\t\t\t<\/h5>\n\t\t\t\t\t\t\t\t\t\t\t\t\t\t\t\t\t\t\t\t\t\t\t\t\t\t\t\t\t\t\t\t\t\t\t\t<div style=\"display:none;\" class=\"sp-event-venue\" itemprop=\"location\" itemscope itemtype=\"http:\/\/schema.org\/Place\"><div itemprop=\"address\" itemscope itemtype=\"http:\/\/schema.org\/PostalAddress\">N\/D<\/div><\/div>\n\t\t\t\t\t\t\t\t\t\t\t\t\t\t<h4 class=\"sp-event-title\" itemprop=\"name\">\n\t\t\t\t\t\t\t\tGualeguaych\u00fa vs Paran\u00e1\t\t\t\t\t\t\t<\/h4>\n\t\t\t\t\t\t\t\n\t\t\t\t\t\t<\/td>\n\t\t\t\t\t<\/tr>\n\t\t\t\t\t\t\t\t\t\t<tr class=\"sp-row sp-post alternate\" itemscope itemtype=\"http:\/\/schema.org\/SportsEvent\">\n\t\t\t\t\t\t<td>\n\t\t\t\t\t\t\t\t\t\t\t\t\t\t<span class=\"team-logo logo-odd\" title=\"Paran\u00e1 Masc\"><img loading=\"lazy\" decoding=\"async\" width=\"128\" height=\"128\" src=\"https:\/\/www.basquetentrerios.com\/resultados\/wp-content\/uploads\/2021\/09\/escudo_parana-masc-128x128.png\" class=\"attachment-sportspress-fit-icon size-sportspress-fit-icon wp-post-image\" alt=\"\" \/><\/span> <span class=\"team-logo logo-even\" title=\"Uruguay\"><img loading=\"lazy\" decoding=\"async\" width=\"128\" height=\"128\" src=\"https:\/\/www.basquetentrerios.com\/resultados\/wp-content\/uploads\/2021\/09\/escudo-uruguay-nuevo-128x128.png\" class=\"attachment-sportspress-fit-icon size-sportspress-fit-icon wp-post-image\" alt=\"\" \/><\/span>\t\t\t\t\t\t\t<time class=\"sp-event-date\" datetime=\"2025-11-23 16:00:02\" itemprop=\"startDate\" content=\"2025-11-23T16:00:02-03:00\">\n\t\t\t\t\t\t\t\t23 noviembre, 2025\t\t\t\t\t\t\t<\/time>\n\t\t\t\t\t\t\t\t\t\t\t\t\t\t<h5 class=\"sp-event-results\">\n\t\t\t\t\t\t\t\t<span class=\"sp-result ok\">74<\/span> - <span class=\"sp-result\">44<\/span>\t\t\t\t\t\t\t<\/h5>\n\t\t\t\t\t\t\t\t\t\t\t\t\t\t\t\t\t\t\t\t\t\t\t\t\t\t\t\t\t\t\t\t\t\t\t\t<div style=\"display:none;\" class=\"sp-event-venue\" itemprop=\"location\" itemscope itemtype=\"http:\/\/schema.org\/Place\"><div itemprop=\"address\" itemscope itemtype=\"http:\/\/schema.org\/PostalAddress\">N\/D<\/div><\/div>\n\t\t\t\t\t\t\t\t\t\t\t\t\t\t<h4 class=\"sp-event-title\" itemprop=\"name\">\n\t\t\t\t\t\t\t\tParan\u00e1 vs Uruguay\t\t\t\t\t\t\t<\/h4>\n\t\t\t\t\t\t\t\n\t\t\t\t\t\t<\/td>\n\t\t\t\t\t<\/tr>\n\t\t\t\t\t\t\t\t\t\t<tr class=\"sp-row sp-post\" itemscope itemtype=\"http:\/\/schema.org\/SportsEvent\">\n\t\t\t\t\t\t<td>\n\t\t\t\t\t\t\t\t\t\t\t\t\t\t<span class=\"team-logo logo-odd\" title=\"Gualeguaych\u00fa\"><img loading=\"lazy\" decoding=\"async\" width=\"128\" height=\"128\" src=\"https:\/\/www.basquetentrerios.com\/resultados\/wp-content\/uploads\/2021\/09\/escudo_gchu-128x128.png\" class=\"attachment-sportspress-fit-icon size-sportspress-fit-icon wp-post-image\" alt=\"\" \/><\/span> <span class=\"team-logo logo-even\" title=\"Concordia\"><img loading=\"lazy\" decoding=\"async\" width=\"128\" height=\"128\" src=\"https:\/\/www.basquetentrerios.com\/resultados\/wp-content\/uploads\/2021\/09\/escudo_concordia-128x128.png\" class=\"attachment-sportspress-fit-icon size-sportspress-fit-icon wp-post-image\" alt=\"\" \/><\/span>\t\t\t\t\t\t\t<time class=\"sp-event-date\" datetime=\"2025-11-23 18:00:03\" itemprop=\"startDate\" content=\"2025-11-23T18:00:03-03:00\">\n\t\t\t\t\t\t\t\t23 noviembre, 2025\t\t\t\t\t\t\t<\/time>\n\t\t\t\t\t\t\t\t\t\t\t\t\t\t<h5 class=\"sp-event-results\">\n\t\t\t\t\t\t\t\t<span class=\"sp-result ok\">67<\/span> - <span class=\"sp-result\">59<\/span>\t\t\t\t\t\t\t<\/h5>\n\t\t\t\t\t\t\t\t\t\t\t\t\t\t\t\t\t\t\t\t\t\t\t\t\t\t\t\t\t\t\t\t\t\t\t\t<div style=\"display:none;\" class=\"sp-event-venue\" itemprop=\"location\" itemscope itemtype=\"http:\/\/schema.org\/Place\"><div itemprop=\"address\" itemscope itemtype=\"http:\/\/schema.org\/PostalAddress\">N\/D<\/div><\/div>\n\t\t\t\t\t\t\t\t\t\t\t\t\t\t<h4 class=\"sp-event-title\" itemprop=\"name\">\n\t\t\t\t\t\t\t\tGualeguaych\u00fa vs Concordia\t\t\t\t\t\t\t<\/h4>\n\t\t\t\t\t\t\t\n\t\t\t\t\t\t<\/td>\n\t\t\t\t\t<\/tr>\n\t\t\t\t\t\t\t\t<\/tbody>\n\t\t<\/table>\n\t<\/div>\n\t<\/div>\n<\/div><br \/>\n<div class=\"sportspress\"><div class=\"sp-template sp-template-league-table\">\n\t<h4 class=\"sp-table-caption\">Clasificacion Zona 1<\/h4><div class=\"sp-table-wrapper\"><table class=\"sp-league-table sp-league-table-1602 sp-data-table sp-sortable-table sp-responsive-table table_69fc666496b45 sp-scrollable-table sp-paginated-table\" data-sp-rows=\"80\"><thead><tr><th class=\"data-rank\">Pos<\/th><th class=\"data-name\">Equipo<\/th><th class=\"data-pts\">Pts<\/th><th class=\"data-partidojugados\">PJ<\/th><th class=\"data-w\">G<\/th><th class=\"data-l\">P<\/th><\/tr><\/thead><tbody><tr class=\"odd sp-row-no-0\"><td class=\"data-rank\" data-label=\"Pos\">1<\/td><td class=\"data-name has-logo\" data-label=\"Equipo\"><span class=\"team-logo\"><img loading=\"lazy\" decoding=\"async\" width=\"128\" height=\"128\" src=\"https:\/\/www.basquetentrerios.com\/resultados\/wp-content\/uploads\/2021\/09\/escudo_gchu-128x128.png\" class=\"attachment-sportspress-fit-icon size-sportspress-fit-icon wp-post-image\" alt=\"\" \/><\/span>Gualeguaych\u00fa<\/td><td class=\"data-pts\" data-label=\"Pts\">6<\/td><td class=\"data-partidojugados\" data-label=\"PJ\">3<\/td><td class=\"data-w\" data-label=\"G\">3<\/td><td class=\"data-l\" data-label=\"P\">0<\/td><\/tr><tr class=\"even sp-row-no-1\"><td class=\"data-rank\" data-label=\"Pos\">2<\/td><td class=\"data-name has-logo\" data-label=\"Equipo\"><span class=\"team-logo\"><img loading=\"lazy\" decoding=\"async\" width=\"128\" height=\"128\" src=\"https:\/\/www.basquetentrerios.com\/resultados\/wp-content\/uploads\/2021\/09\/escudo_parana-masc-128x128.png\" class=\"attachment-sportspress-fit-icon size-sportspress-fit-icon wp-post-image\" alt=\"\" \/><\/span>Paran\u00e1 Masc<\/td><td class=\"data-pts\" data-label=\"Pts\">4<\/td><td class=\"data-partidojugados\" data-label=\"PJ\">3<\/td><td class=\"data-w\" data-label=\"G\">1<\/td><td class=\"data-l\" data-label=\"P\">2<\/td><\/tr><tr class=\"odd sp-row-no-2\"><td class=\"data-rank\" data-label=\"Pos\">3<\/td><td class=\"data-name has-logo\" data-label=\"Equipo\"><span class=\"team-logo\"><img loading=\"lazy\" decoding=\"async\" width=\"128\" height=\"128\" src=\"https:\/\/www.basquetentrerios.com\/resultados\/wp-content\/uploads\/2021\/09\/escudo_concordia-128x128.png\" class=\"attachment-sportspress-fit-icon size-sportspress-fit-icon wp-post-image\" alt=\"\" \/><\/span>Concordia<\/td><td class=\"data-pts\" data-label=\"Pts\">4<\/td><td class=\"data-partidojugados\" data-label=\"PJ\">3<\/td><td class=\"data-w\" data-label=\"G\">1<\/td><td class=\"data-l\" data-label=\"P\">2<\/td><\/tr><tr class=\"even sp-row-no-3\"><td class=\"data-rank\" data-label=\"Pos\">4<\/td><td class=\"data-name has-logo\" data-label=\"Equipo\"><span class=\"team-logo\"><img loading=\"lazy\" decoding=\"async\" width=\"128\" height=\"128\" src=\"https:\/\/www.basquetentrerios.com\/resultados\/wp-content\/uploads\/2021\/09\/escudo-uruguay-nuevo-128x128.png\" class=\"attachment-sportspress-fit-icon size-sportspress-fit-icon wp-post-image\" alt=\"\" \/><\/span>Uruguay<\/td><td class=\"data-pts\" data-label=\"Pts\">4<\/td><td class=\"data-partidojugados\" data-label=\"PJ\">3<\/td><td class=\"data-w\" data-label=\"G\">1<\/td><td class=\"data-l\" data-label=\"P\">2<\/td><\/tr><\/tbody><\/table><\/div><\/div>\n<\/div><\/p>\n","protected":false},"excerpt":{"rendered":"","protected":false},"author":1,"featured_media":0,"parent":0,"menu_order":0,"comment_status":"closed","ping_status":"closed","template":"","meta":{"_coblocks_attr":"","_coblocks_dimensions":"","_coblocks_responsive_height":"","_coblocks_accordion_ie_support":"","_uag_custom_page_level_css":"","advgb_blocks_editor_width":"","advgb_blocks_columns_visual_guide":"","neve_meta_sidebar":"","neve_meta_container":"","neve_meta_enable_content_width":"on","neve_meta_content_width":80,"neve_meta_title_alignment":"","neve_meta_author_avatar":"","neve_post_elements_order":"","neve_meta_disable_header":"","neve_meta_disable_footer":"","neve_meta_disable_title":"","footnotes":""},"class_list":["post-9881","page","type-page","status-publish","hentry"],"featured_image_urls_v2":{"full":"","thumbnail":"","medium":"","medium_large":"","large":"","1536x1536":"","2048x2048":"","sportspress-crop-medium":"","sportspress-fit-medium":"","sportspress-fit-icon":"","sportspress-fit-mini":"","neve-blog":""},"post_excerpt_stackable_v2":"<p>Partidos Zona 1 22 noviembre, 2025 71 &#8211; 61 N\/D Concordia vs Paran\u00e1 Masc 22 noviembre, 2025 63 &#8211; 59 N\/D Gualeguaych\u00fa vs Uruguay 23 noviembre, 2025 61 &#8211; 66 N\/D Concordia vs Uruguay 23 noviembre, 2025 78 &#8211; 67 N\/D Gualeguaych\u00fa vs Paran\u00e1 23 noviembre, 2025 74 &#8211; 44 N\/D Paran\u00e1 vs Uruguay 23 noviembre, 2025 67 &#8211; 59 N\/D Gualeguaych\u00fa vs Concordia Clasificacion Zona 1PosEquipoPtsPJGP1Gualeguaych\u00fa63302Paran\u00e1 Masc43123Concordia43124Uruguay4312<\/p>\n","category_list_v2":"","author_info_v2":{"name":"mglanzi","url":"https:\/\/www.basquetentrerios.com\/resultados\/author\/mglanzi\/"},"comments_num_v2":"0 comentarios","uagb_featured_image_src":{"full":false,"thumbnail":false,"medium":false,"medium_large":false,"large":false,"1536x1536":false,"2048x2048":false,"sportspress-crop-medium":false,"sportspress-fit-medium":false,"sportspress-fit-icon":false,"sportspress-fit-mini":false,"neve-blog":false},"uagb_author_info":{"display_name":"mglanzi","author_link":"https:\/\/www.basquetentrerios.com\/resultados\/author\/mglanzi\/"},"uagb_comment_info":0,"uagb_excerpt":null,"coauthors":[],"author_meta":{"author_link":"https:\/\/www.basquetentrerios.com\/resultados\/author\/mglanzi\/","display_name":"mglanzi"},"relative_dates":{"created":"Publicado 2 a\u00f1os hace","modified":"Actualizado 6 meses hace"},"absolute_dates":{"created":"Publicado el 25 octubre, 2024","modified":"Actualizado el 22 noviembre, 2025"},"absolute_dates_time":{"created":"Publicado el 25 octubre, 2024 12:14","modified":"Actualizado el 22 noviembre, 2025 17:51"},"featured_img_caption":"","featured_img":false,"series_order":"","_links":{"self":[{"href":"https:\/\/www.basquetentrerios.com\/resultados\/wp-json\/wp\/v2\/pages\/9881","targetHints":{"allow":["GET"]}}],"collection":[{"href":"https:\/\/www.basquetentrerios.com\/resultados\/wp-json\/wp\/v2\/pages"}],"about":[{"href":"https:\/\/www.basquetentrerios.com\/resultados\/wp-json\/wp\/v2\/types\/page"}],"author":[{"embeddable":true,"href":"https:\/\/www.basquetentrerios.com\/resultados\/wp-json\/wp\/v2\/users\/1"}],"replies":[{"embeddable":true,"href":"https:\/\/www.basquetentrerios.com\/resultados\/wp-json\/wp\/v2\/comments?post=9881"}],"version-history":[{"count":12,"href":"https:\/\/www.basquetentrerios.com\/resultados\/wp-json\/wp\/v2\/pages\/9881\/revisions"}],"predecessor-version":[{"id":13326,"href":"https:\/\/www.basquetentrerios.com\/resultados\/wp-json\/wp\/v2\/pages\/9881\/revisions\/13326"}],"wp:attachment":[{"href":"https:\/\/www.basquetentrerios.com\/resultados\/wp-json\/wp\/v2\/media?parent=9881"}],"curies":[{"name":"wp","href":"https:\/\/api.w.org\/{rel}","templated":true}]}}